27). Suppose q*s + 89 = 233. Calculate the greatest common divisor of s and 16.
16
Let r = -90649 + 90715. Suppose -11 = -2*x + 77. What is the highest common factor of x and r?
22
Suppose 18*m - 66 = -4*m. Suppose c = 5*k - 246, -2*k + m*c + 102 = 14. Calculate the highest common factor of k and 2.
2
Suppose 0*u - 14 = -u + z, 0 = -5*u - 5*z + 100. Let v = 21292 - 21105. Calculate the highest common divisor of v and u.
17
Suppose 28*i + 4270 = 66*i - 33*i. What is the greatest common factor of i and 28?
14
Let t(q) = 14*q**2 - q - 1. Let p be t(-1). Let r = 1637 + -1448. Calculate the greatest common factor of r and p.
7
Let u(y) = 2*y**2 - 9*y + 7. Let c = 13 + -9. Let s be u(c). Suppose 10 = -f + 4*z, -4*f + 20 = -s*f + 2*z. What is the greatest common factor of 10 and f?
10
Let t = 3589 + -3532. Calculate the greatest common factor of 15 and t.
3
Let d be 11/22*-10 - -15. What is the greatest common divisor of 5370 and d?
10
Let y = -242 + 244. Suppose 0 = -6*r + r + c + 182, 0 = c + y. Calculate the greatest common factor of 36 and r.
36
Let a = 355 - 343. Suppose -a = -6*l + 4782. What is the highest common factor of l and 47?
47
Let t(m) = 0*m**2 + 44*m + 42*m - 82*m - 14 + m**2. Let n be t(-10). Calculate the greatest common divisor of 4 and n.
2
Suppose 3*n - 8*n = -85. Let r(k) = -3*k**3 - 3*k**2 - 2*k - 749. Let h be r(0). Let u = h + 783. What is the greatest common divisor of u and n?
17
Let r(t) = t**2 - 7*t + 9. Let w be r(6). Let q be (21/5 - w)*5. Let a be (-807)/(-15) - (q/(-3))/10. Calculate the greatest common factor of a and 18.
18
Suppose 2*x - 5*k - 26 = 0, 2*x + 22 = 4*x - 4*k. Suppose 4*t = -5*j + 22, t = 2*j - 4 + x. What is the highest common divisor of 1 and t?
1
Let f(o) = -5*o - 56. Suppose 5*h = m + 1 - 9, 3*m + 52 = -4*h. Let w be f(m). What is the greatest common factor of w and 3?
1
Let w be 3 + 0 + 8 + (-5 - 2). Suppose -7*z + 3*r + 317 = -3*z, w*z = 4*r + 316. What is the highest common factor of 128 and z?
16
Suppose -240 = 6*a + 2*a. Let n be 2 - (-1 - (a - -3)). Let v be (-254)/(-12) - (-4)/n. Calculate the greatest common divisor of 14 and v.
7
Suppose 277*k = 269*k + 208. Suppose y + o - k = -y, -26 = -2*y - 2*o. Calculate the greatest common divisor of y and 117.
13
Let v be (-1050)/(-126) + 11/3 + -3. Suppose 4*b + b - 1395 = 0. What is the highest common factor of v and b?
9
Let u = -62 + 118. Suppose -2*i = -4*f - u, -f - 41 + 12 = -i. Let d be (-376)/(-141)*(-180)/(-2). Calculate the highest common divisor of i and d.
30
Suppose -31*q + 32*q = z + 2653, q - 2688 = 6*z. Calculate the greatest common divisor of q and 135.
27
Let m(o) = o**2 - 95*o + 1510. Let k be m(76). Calculate the highest common factor of 517 and k.
11
Suppose 5 = -2*s - 4*m - 145, 225 = -3*s - 3*m. Let a = -66 - s. Calculate the highest common factor of 63 and a.
9
Let h = 351 + -71. Let x = 308 - h. What is the greatest common factor of 161 and x?
7
Let m be (70/(-3))/((-38)/9 - -4). Calculate the greatest common divisor of 375 and m.
15
Suppose 4*l + 43*k - 8985 = 42*k, 3*l = -4*k + 6768. What is the greatest common divisor of 1836 and l?
204
Suppose -15*n + 75 = -12*n. Let w(x) = 71*x**2 - 8*x + 7. Let i be w(2). Calculate the highest common divisor of n and i.
25
Suppose -3*l + 5*h - 5 = 0, -l + 3*h - 15 = 4*h. Let y be (1 - l/(-4))/((-87)/11600). Calculate the greatest common factor of 40 and y.
40
Let p(m) = 18 + 5*m**2 - 15*m**3 - 35 + 15 - m**3 - 2*m. Let l be p(2). Let y = -78 - l. What is the highest common factor of 54 and y?
18
Suppose 3*h - 5*h = -858. Suppose 4719 = 41*j + 80*j. Calculate the highest common divisor of j and h.
39
Let f be (-2)/(-49) + (-1201955)/(-27979). Calculate the greatest common factor of 7912 and f.
43
Let k(m) = -5*m - 48. Let i be k(-12). Suppose 0 = -i*b + 188 + 2116. What is the highest common divisor of b and 12?
12
Suppose -6*l + 8*l - 64 = 0. Let y = l + 10. Let j be (99/6)/11 + (-117)/(-6). What is the greatest common divisor of y and j?
21
Let r = 59626 - 59578. Let g be ((-72)/10)/((-12)/80). What is the greatest common divisor of r and g?
48
Suppose 143418 = -4*o + 110*o. Calculate the greatest common factor of 264 and o.
33
Let c(x) = x**2 + 2*x + 3. Let j be c(-5). Let i(u) = -3*u - 36. Let q be (2/5)/((-3)/120). Let r be i(q). Calculate the greatest common factor of r and j.
6
Suppose 174 = 5*y + 2*v, -57*y + 5*v - 112 = -60*y. What is the greatest common factor of y and 8?
2
Let n(t) = t**3 + 28*t**2 + t - 575. Let j be n(-19). Calculate the highest common factor of j and 1239.
177
Let j = 510 - 331. Let y = j + -80. Suppose -27*m - 54 = -33*m. Calculate the highest common factor of y and m.
9
Suppose 2*v - 5*x = -2, v + 28*x = 25*x + 10. Suppose o + 13 = 4*k, 3*o = -9*k + v*k - 5. Calculate the greatest common divisor of k and 70.
2
Let g(v) = -2*v**2 + 15*v + 255. Let d be g(-8). Let c = 490 + -161. What is the highest common divisor of d and c?
7
Suppose -f = g - 6 - 3, 0 = -4*f + 16. Suppose 2*t - a = 3*a + 68, g*a - 47 = -3*t. Let w = t + -2. Calculate the greatest common factor of 132 and w.
22
Suppose -12 = -2*r + 118. Let n be 676/(-52)*(-5 + 1 + -1). Calculate the highest common divisor of r and n.
65
Let j(w) = -6*w - 2. Let c be j(-1). Suppose -2*k + 1 = -u, -5*k + 4*u + 2 = c. Suppose k*h = 93 + 81. What is the highest common factor of 58 and h?
29
Let i be 8 + 60/(-6) + (11409 - (-10 + 3)). Calculate the highest common factor of i and 104.
26
Suppose 25*c - 20*c - j - 130 = 0, -52 = -2*c + 3*j. Calculate the highest common divisor of 650 and c.
26
Let m be 884/7 - 2/7. Let y(x) = x**2 - 17*x + 17. Let t be y(17). Let a(v) = -9*v + 167. Let q be a(t). Calculate the highest common factor of m and q.
14
Let m = 8080 - 7616. Calculate the highest common divisor of m and 48.
16
Let n = 10988 - 10828. Calculate the greatest common divisor of 27040 and n.
160
Suppose 0 = 5*i - o - 102473, -186*o = -i - 190*o + 20524. What is the highest common divisor of 61 and i?
61
Let u(k) = 251*k - 474. Let w be u(2). What is the greatest common factor of 1988 and w?
28
Let h be ((-344)/(-8))/((1/5)/1). Suppose -2*w + 55 - h = -4*m, -2*w = 4*m - 160. Let f = 100 + -40. Calculate the highest common divisor of m and f.
20
Suppose 0 = -37059*t + 37029*t + 28080. What is the greatest common divisor of t and 351?
117
Let w be (1 - -24)/((-347)/(-12145)). What is the greatest common divisor of 21 and w?
7
Let u(z) = 4*z**3 + 60*z**2 - 21*z + 7. Let w be u(-14). Calculate the highest common factor of w and 20.
5
Let y = -25 + -26. Let d = -49 - y. Suppose -4 = -d*v + 14. What is the greatest common factor of 12 and v?
3
Let z be (4 + (-2270)/15)*-3. Suppose -6*h + 62 = -z. Suppose h = x - 36. What is the highest common factor of x and 15?
15
Suppose 3*a + j + 102 + 329 = 0, 0 = -a + 3*j - 137. Let d be (18/(-22) - -1) + (-50024)/a. What is the greatest common divisor of d and 14?
14
Suppose 0*y - 45 = -9*y. Let l be 2*51 - (y + -3). Suppose -15 = -5*j + 10, 0 = -5*a - 2*j + l. Calculate the highest common divisor of a and 54.
18
Let v be 2/(5/9*29/145). Let p(x) = 3*x - 38. Let y be p(v). What is the highest common factor of 112 and y?
16
Suppose 3*u - 6 = d, -2*d - 2 = -8. Let b(a) = 6*a**2 + 0*a**3 + 0*a**u + 4*a**3 - 6*a - 5*a**3. Let g be b(4). Calculate the highest common factor of g and 8.
8
Suppose 23*c + 87 - 352 - 103 = 0. Let u be (-2)/6*-2*3. Suppose 4*n + 160 = 5*b, 0 = -u*b - 8*n + 3*n + 64. What is the highest common divisor of b and c?
16
Let t = 429 + -425. Let v be 241 + (t - (-3 + 5))/2. What is the greatest common divisor of 22 and v?
22
Let o(b) = 95 - 48 + 13*b**2 - 49. Let w(h) = -h. Let c be w(-1). Let q be o(c). What is the greatest common factor of 99 and q?
11
Let w = -36925 - -36953. What is the greatest common factor of 32886 and w?
14
Suppose -3*u + 2*f + 280 = 0, 0 = -u - 29*f + 33*f + 90. What is the highest common divisor of 1786 and u?
94
Let w be (-2)/3*102/34 + -1. Suppose 0 = -0*d + 5*d - 45. Let g be 51/d*(-9)/w. Calculate the highest common factor of 17 and g.
17
Let s(u) be the first derivative of -u**4/4 - 11*u**3 + 15*u**2 - 115*u - 42. Let l be s(-34). Calculate the highest common divisor of 168 and l.
21
Let x(i) = 61*i**2 + 52*i + 43. Let q b